etermine g(-102).
-15
Let p(d) = -2*d**3 - 390*d**2 + 442*d + 9751. Give p(-196).
-49
Let s(p) = -418*p**2 + 2975*p - 323. Calculate s(7).
20
Let x(r) = 3*r**2 + 111*r - 4080. Give x(-57).
-660
Let o(q) = q**3 - 9*q**2 + 50*q + 149. What is o(-3)?
-109
Let h(d) = d**3 - 414*d**2 - 8863*d - 118325. Determine h(435).
-5
Let l(p) = -2*p**2 - 3386*p - 16898. Determine l(-5).
-18
Let s(t) = -253*t**2 + 286*t + 851. Give s(-3).
-2284
Let h(j) = -j**3 + 335*j**2 + 1697*j + 12. Determine h(-5).
27
Let n(c) = c**3 - 12*c**2 - 16*c - 141. Calculate n(16).
627
Let l(b) = -b**2 - 529*b - 12409. What is l(-25)?
191
Let a(n) = 518*n - 4918. Calculate a(9).
-256
Let m(s) = s**2 - 210*s - 3070. Give m(211).
-2859
Let f(k) = -k**3 - 292*k**2 + 1099*k - 25157. Calculate f(-296).
3
Let m(j) = j**3 + 164*j**2 + 1389*j - 914. Determine m(-155).
16
Let a(c) = -c**2 - 57814*c + 15916117. Determine a(274).
5
Let l(d) = 97*d**2 - 4619*d - 1645. Determine l(48).
131
Let b(k) = -k**3 - 120*k - 38. What is b(0)?
-38
Let n(w) = -2755*w + 1688795. Determine n(613).
-20
Let w(s) = -24074*s + 890752. Determine w(37).
14
Let h(j) = -j**3 + 200*j**2 - 398*j + 91. Calculate h(198).
-305
Let d(m) = -39*m + 17. What is d(6)?
-217
Let s(u) = 5*u**2 + 543*u + 7425. What is s(-86)?
-2293
Let q(z) = -2*z**2 + 2311*z + 49433. Calculate q(-21).
20
Let t(p) = -3*p**3 - 505*p**2 - 432*p - 44519. Calculate t(-168).
-167
Let o(d) = -47*d**3 - 10*d**2 - 24*d + 66. Determine o(-4).
3010
Let j(z) = 17*z**2 - 2022*z - 2160. Give j(120).
0
Let f(v) = 970*v - 22454. Determine f(23).
-144
Let n(k) = 4*k**3 - 361*k**2 + 1060*k + 8904. Determine n(7).
7
Let y(i) = 37368*i - 149428. Determine y(4).
44
Let t(u) = -45577*u + 227885. Determine t(5).
0
Let i(b) = -3239*b + 207371. What is i(64)?
75
Let m(c) = -3011*c - 593163. Give m(-197).
4
Let o(g) = -2*g**3 - 171*g**2 + 623*g + 135. Determine o(-89).
135
Let p(b) = -2135*b + 232735. Calculate p(109).
20
Let k(h) = 2*h**3 + 35*h**2 - 85*h - 1113. Calculate k(-19).
-581
Let s(q) = 12682*q - 63471. What is s(5)?
-61
Let f(j) = 107*j**3 - 4493*j**2 - 39*j - 63. What is f(42)?
63
Let h(j) = -1385*j - 43064. Give h(-31).
-129
Let o(m) = m**3 + 30*m**2 - 945*m - 28951. Determine o(-30).
-601
Let r(y) = 5*y**3 - 23*y**2 + 516*y - 2026. What is r(4)?
-10
Let y(u) = 35261*u + 35277. Determine y(-1).
16
Let f(a) = -1016*a**2 - 1392930*a + 8232. What is f(-1371)?
6
Let v(z) = 2*z**2 - 11655*z - 269117. Determine v(-23).
6
Let u(x) = -2*x**3 + 415*x**2 + 1517*x - 8430. Give u(211).
10
Let k(r) = -122*r**2 - 15979*r + 402. Calculate k(-131).
9
Let c(n) = -6*n**3 - 212*n**2 - 44*n - 31. Calculate c(-35).
-941
Let q(x) = 10629*x + 1721832. Calculate q(-162).
-66
Let b(p) = -p**2 + 637*p - 70660. Give b(143).
-18
Let f(t) = -184*t + 9619. Calculate f(52).
51
Let n(h) = 50*h**2 + 7796*h - 621. Determine n(-156).
3
Let s(q) = -q**3 - 151*q**2 - 5103*q - 272. Determine s(-100).
28
Let t(a) = -277148*a + 1385847. Determine t(5).
107
Let t(w) = -711*w + 8300. Calculate t(12).
-232
Let j(c) = -2*c**3 + 315*c**2 - 1786*c - 198. Give j(6).
-6
Let l(y) = 11966*y - 57964. What is l(5)?
1866
Let b(t) = -185194*t - 2222332. What is b(-12)?
-4
Let u(h) = -386041*h - 6562688. Give u(-17).
9
Let v(f) = 1985*f - 27685. Calculate v(14).
105
Let n(v) = -5696*v + 5827011. What is n(1023)?
3
Let x(n) = n**2 + 197*n - 14909. Determine x(58).
-119
Let x(b) = b**2 + 462*b - 69838. Calculate x(121).
705
Let d(z) = -24*z**2 - 680*z - 1865. Calculate d(-3).
-41
Let n(a) = 22*a + 3116. Give n(-151).
-206
Let f(s) = 1842*s**2 - 1585*s - 2. What is f(1)?
255
Let s(i) = -i**2 - 1750*i + 44278. What is s(25)?
-97
Let h(d) = 14*d - 1827. Determine h(81).
-693
Let b(u) = -u**3 + 182*u**2 + 157*u + 3928. Calculate b(183).
-830
Let w(s) = 5738*s - 5713. Determine w(1).
25
Let k(j) = -3*j**2 - 33937*j - 203514. What is k(-6)?
0
Let x(o) = 79261*o - 396306. Determine x(5).
-1
Let p(t) = -149*t**2 + 1454*t + 34. Calculate p(9).
1051
Let w(b) = 61*b + 17270. Calculate w(-280).
190
Let l(x) = x**3 + 49*x**2 - 9*x + 152. Calculate l(-49).
593
Let r(u) = 423393*u + 846787. Determine r(-2).
1
Let j(n) = 518*n + 3263. Calculate j(-6).
155
Let h(v) = 5*v**2 - 387*v + 610. Give h(76).
78
Let r(a) = -a**3 + 206*a**2 + 14990*a + 257. Calculate r(263).
-6
Let l(d) = -389*d**2 - 93*d - 10. Give l(-1).
-306
Let a(i) = 38859*i - 1826377. Calculate a(47).
-4
Let d(i) = 10933435*i - 32800300. What is d(3)?
5
Let i(c) = -c**3 - 5*c**2 + 448*c - 11109. Determine i(-31).
-11
Let k(p) = 4*p**2 + 157*p - 11830. What is k(41)?
1331
Let q(h) = -2*h**2 - 213*h - 3380. Determine q(-92).
-712
Let y(h) = -2*h**3 + 41*h**2 - 1315*h + 28049. Calculate y(21).
-7
Let w(y) = 776*y - 20293. Determine w(26).
-117
Let a(f) = -682715*f + 10923425. What is a(16)?
-15
Let d(t) = 2*t**3 + 9*t**2 + 903*t + 10126. What is d(-10)?
-4
Let a(c) = -11*c**2 + 3608*c - 14395. What is a(324)?
-139
Let f(l) = 1094*l + 26129. Determine f(-24).
-127
Let d(h) = h**3 + 8*h**2 - 51*h + 54. Calculate d(3).
0
Let s(j) = -j**3 - 332*j**2 + 757*j + 24858. Give s(-334).
-4868
Let o(i) = -23*i**2 - 51*i + 587. Calculate o(-10).
-1203
Let z(u) = -28*u**3 - 6*u**2 - 64*u - 171. Determine z(-3).
723
Let c(d) = 167817*d + 3356332. What is c(-20)?
-8
Let d(z) = -702*z + 23258. What is d(33)?
92
Let j(n) = 8*n**3 + 81*n**2 + 294*n - 23. Calculate j(-4).
-415
Let u(h) = -h**2 + 51*h + 6157. What is u(108)?
1
Let j(s) = -48*s**2 - 24897*s - 17081. What is j(-518)?
13
Let y(p) = 2709*p - 28206. Determine y(9).
-3825
Let z(s) = 18*s**2 - 342*s + 141. Give z(20).
501
Let r(q) = 1075*q + 112280. Give r(-104).
480
Let k(p) = p**3 + 15*p**2 - 9*p - 67. Determine k(-5).
228
Let m(d) = 3*d**2 - 3832*d + 15329. What is m(4)?
49
Let y(x) = -7*x**2 + 128*x - 145. Determine y(16).
111
Let h(f) = 3678*f + 191952. What is h(-52)?
696
Let c(b) = -16424*b + 148019. What is c(9)?
203
Let b(a) = -6*a**3 + 17*a**2 + a + 92. Give b(0).
92
Let c(x) = x**3 + 22*x**2 + 95*x + 110. What is c(-17)?
-60
Let r(t) = -44379*t - 1952718. Calculate r(-44).
-42
Let a(j) = -14530*j - 276191. Give a(-19).
-121
Let t(q) = -6689*q - 26801. What is t(-4)?
-45
Let y(k) = 72*k**2 - 85429*k + 43891. Give y(1186).
9
Let j(a) = -9*a**2 + 119*a - 421. Determine j(10).
-131
Let f(x) = x**3 - 10*x**2 + 50*x - 332. What is f(9)?
37
Let d(l) = l**3 + 184*l**2 - 1311*l + 5261. Determine d(-191).
295
Let l(c) = 2*c**2 + 2*c - 6184. What is l(51)?
-880
Let p(m) = -2*m**2 + 709*m + 11021. What is p(-15)?
-64
Let p(g) = -2196*g**2 - 14919*g + 1. Calculate p(-7).
-3170
Let a(h) = 125817*h + 2138860. What is a(-17)?
-29
Let d(w) = 3*w**2 + 316*w + 1875. Calculate d(-99).
-6
Let y(c) = -275*c + 14050. What is y(42)?
2500
Let v(t) = -279*t**3 + 81188*t**2 + 293*t - 530. Give v(291).
52
Let s(f) = 7*f**2 - 6415*f + 1190336. What is s(658)?
14
Let y(w) = -68*w**2 - 499*w - 890. Determine y(-3).
-5
Let k(o) = -123*o**3 - 267*o**2 + 267*o - 1. Determine k(1).
-124
Let q(i) = 3*i**2 - 248*i - 2205. Give q(-8).
-29
Let k(z) = -4*z**3 - 23*z**2 - 42*z - 30. Give k(-2).
-6
Let i(a) = -200*a - 702. Calculate i(-4).
98
Let v(h) = -5*h**3 - 282*h**2 + 621*h + 9090. Determine v(-58).
-16
Let s(z) = -3685*z + 7291. Determine s(2).
-79
Let l(i) = 1042*i + 136465. Give l(-131).
-37
Let u(a) = a**3 - 20*a**2 + 475*a - 2340. Determine u(6).
6
Let o(s) = s**3 - 7*s**2 - 77*s - 5. Calculate o(-6).
-11
Let j(g) = -261*g - 579. Determine j(4).
-1623
Let m(s) = 6*s**2 + 301*s - 35670. Give m(56).
2
Let b(p) = -12290*p + 331827. Give b(27).
-3
Let o(f) = 117*f**2 - 541*f - 1416. Calculate o(-2).
134
Let v(x) = -2*x**2 + 1765*x - 387455. Give v(409).
-132
Let f(o) = -129*o**2 + 602*o - 100. Determine f(5).
-315
Let j(d) = 7*d**2 - 6850*d - 6849. Give j(-1).
8
Let c(i) = i**3 + 50*i**2 + 257*i - 63. Determine c(-6).
-21
Let g(l) = -6*l**3 - 19*l**2 - 3427*l - 23998. Give g(-7).
1118
Let g(k) = -13388*k + 508781. Calculate g(38).
37
Let g(x) = x**3 - 15*x**2 - 114*x - 183. Calculate g(21).
69
Let k(d) = 329*d**2 - 8*d + 12. Calculate k(2).
1312
Let c(l) = -l**3 - 281*l**2 - 16201*l - 199. Determine c(-200).
1
Let l(p) = 153*p**3 - p**2 + 20*p + 55. Determine l(-2).
-1213
Let y(q) = 4*q**3 - 67*q**2 + 271*q - 14. Calculate y(5).
166
Let w(o) = -4